 - v = -2*g + a. What is the remainder when g is divided by 16?
13
Calculate the remainder when 135 is divided by (4/(96/18))/((-1)/(-32)).
15
What is the remainder when 253 is divided by ((-1392)/72)/(4/(-18) - 0)?
79
Suppose 5*l = -2*u + 50, -u + 3*u - 2 = -l. Let g be 650/70 + (-2)/7. What is the remainder when -30*((-33)/g + 3) is divided by l?
8
Suppose -5*h - 5 = 2*a, 7*a - 4*a - 35 = h. Suppose 45 = 5*q - 2*p + a, 7 = q + 2*p. Calculate the remainder when 10 is divided by q.
3
Calculate the remainder when (-10)/(-4 + -1) - -8 is divided by 3.
1
Let g(n) = 2*n + 32. What is the remainder when 92 is divided by g(-4)?
20
Let b be (51/(-12) + 2)/((-1)/12). Let n = 35 - b. Let u(a) = -a**3 - 3*a**2 + 6*a - 5. Calculate the remainder when u(-5) is divided by n.
7
Let g(b) = 2*b**3 + 19*b**2 + 6*b - 7. Let s be -2*(-99)/(-24) + (-6)/8. What is the remainder when g(s) is divided by 12?
8
Suppose 15*g + 49 = 22*g. Calculate the remainder when 31 is divided by g.
3
Let r(s) = -s**3 + 5*s**2 + 2. Let i be r(4). Suppose 0 = -v - 13 + i. Let a(p) = -18*p**3 + p**2 + p. What is the remainder when a(-1) is divided by v?
3
Let u be 4*(5 + -6)*(-5)/4. Calculate the remainder when 9 is divided by 2 + -4 + (-3 - (-3 - u)).
0
Let l = 1334 + -1217. Calculate the remainder when l is divided by 38.
3
Suppose 2*d = -5*n + 579, 11*n - 465 = 7*n - d. Calculate the remainder when n is divided by 49.
19
Let d = 15 - 5. What is the remainder when 69 is divided by d?
9
Let a(l) = l**3 + l**2 + 12. Let h be a(0). What is the remainder when (-4)/h - ((-170)/6 + 1) is divided by 15?
12
Let t(r) = 2*r - 52. Let i = 1 - -5. Calculate the remainder when t(31) is divided by i.
4
Let w(p) = p**3 + 8*p - 9 + p**2 + 6*p**2 + 3*p**2. Let n be w(-9). Suppose -x + 37 = -n*c + 2*c, -c = 4*x - 22. What is the remainder when 87 is divided by c?
15
Suppose 0*a - 183 = -3*a. Calculate the remainder when 242 is divided by a.
59
Suppose -77*i + 790 = -67*i. Calculate the remainder when i is divided by 16.
15
Suppose -l + 133 - 49 = 0. Suppose h - 4*h = -l. Calculate the remainder when h is divided by 16/12 - (-4 + (-72)/27).
4
Suppose -7*u - 3*u = 28 - 238. What is the remainder when (-4*2)/(1/(-4)) is divided by u?
11
Let p(k) = k**3 + k. Let x(h) = -7*h**3 - 6*h - 12. Let j(y) = 6*p(y) + x(y). Let o be j(0). Let w = o - -39. Calculate the remainder when w is divided by 10.
7
Let d(b) = -19*b + 5*b - 20*b + 4. Calculate the remainder when d(-3) is divided by 18.
16
Let h(c) = 3*c - 3. Let u be h(2). Suppose 0 = -5*p + u*f + 54, 0*p - 3*f = 5*p - 36. Calculate the remainder when -39*4*(-29)/174 is divided by p.
8
Let j(p) = 361*p**2 - 3*p + 3. What is the remainder when j(1) is divided by 52?
49
Let l be (-3)/(-27) - (-325)/(-9). Let i = -34 - l. What is the remainder when 3 is divided by i?
1
Let q(g) = -3*g + 40. Calculate the remainder when q(8) is divided by 9.
7
Suppose -119*y + 128*y - 846 = 0. What is the remainder when y is divided by 24?
22
Suppose 2*b - 2*s - 15 = -1, -4*b + 28 = -s. What is the remainder when 16 is divided by b?
2
Let s(x) = x**3 - 6*x**2 + 3*x + 16. Calculate the remainder when 87 is divided by s(2).
3
Suppose -3*o = -5 - 49. Let u = -55 + 141. Calculate the remainder when u is divided by o.
14
Suppose 58*t = 61*t - 696. What is the remainder when t is divided by 61?
49
Suppose 2*z + z - 30 = 0. Suppose -382 = -38*l + 264. What is the remainder when l is divided by z?
7
Let h be (-15)/3 + 7 + -41. Let k = h - -73. Calculate the remainder when 133 is divided by k.
31
Let z = -943 + 1029. What is the remainder when 196 is divided by z?
24
Suppose 3*b = 5*b - 54. Let z = 39 - 35. Let j(h) = -h**3 + 6*h**2 - 6*h + 6. What is the remainder when b is divided by j(z)?
13
Let b = 99 + -53. What is the remainder when 132 is divided by b?
40
Let z = -80 - -88. What is the remainder when 87 is divided by (-312)/16*z/(-6)?
9
Let h = -40 - -94. What is the remainder when 485 is divided by h?
53
Suppose -5*q - 5*b - 20 + 5 = 0, 0 = q + 4*b + 18. Suppose 0 = c + h - 32 + 8, q*c - 52 = -h. Calculate the remainder when 81 is divided by c.
25
Let v = 247 + -223. Calculate the remainder when v is divided by 13.
11
Let s(x) = -4*x**2 - 2*x + 2. Let c be s(1). What is the remainder when 29 is divided by 1 - c - (-6 + 0)?
7
Suppose 4*t - 25 + 1 = 0. Let q = 5 - t. What is the remainder when 47 is divided by (-10)/q*(-20)/(-8)?
22
Suppose 209*u - 207*u - 242 = 0. What is the remainder when u is divided by 61?
60
Let k(r) = -r**3 + 8*r**2 - 6*r - 5. Let p = -38 + 44. Calculate the remainder when 60 is divided by k(p).
29
What is the remainder when 207 is divided by (1 + -2)/(84/44 - 2)?
9
Calculate the remainder when ((-106)/(-1))/(0 + 2) is divided by ((-30)/12 + 3)*54.
26
Let l(j) = -j + 22. Suppose 3*s + 15 = 3*u, 3*u + 5*s - 5 = 18. Suppose -2*k = 5*o - 136, 3*o = 2*o + 2. Calculate the remainder when k is divided by l(u).
15
What is the remainder when 257 is divided by (-117)/(-12)*1*384/72?
49
Let j = 7 - 11. Let v be 33/6 + j/8. Suppose -2*k - 2*c = -4, -v*c = -2*k - 3*c + 24. Calculate the remainder when 12 is divided by k.
5
Let m(s) = -s**3 + 4*s**2 + 30. What is the remainder when 77 is divided by m(4)?
17
Let u(j) = j**2 + 6*j + 13. Suppose 0 = g + 5*d + 8 + 20, -3*d - 27 = 4*g. Let l(p) = 7*p**2 + 2*p + 3. What is the remainder when l(-2) is divided by u(g)?
3
Suppose -4 = -4*s - 4*c - 8, 2 = -5*s - 4*c. Let j(v) = 3 - 84*v**s - 3*v + 82*v**2 - 4 - 16*v**3. Calculate the remainder when 29 is divided by j(-1).
13
Let v = 772 - 600. What is the remainder when v is divided by 44?
40
Let d(p) = -3*p**2 + 38*p - 87. Calculate the remainder when 214 is divided by d(9).
10
Let t(a) = -2*a**3 - 48*a**2 - 48*a + 29. Let n = -17 - -10. Let r(s) = -5*s - 9. Calculate the remainder when t(-23) is divided by r(n).
23
Let b = 38 + -36. Suppose -44 = -2*a + 3*z - b*z, 4*a = z + 88. Calculate the remainder when 41 is divided by a.
19
Let b(o) = -7*o**3 - 2*o**2 - 2*o - 1. Let a be b(-1). Let x(q) = -11 + 4 - a*q + 2. Calculate the remainder when x(-7) is divided by 19.
18
Let x = -3361 + 3412. Suppose 20 + 30 = 4*m - s, -s - 37 = -3*m. What is the remainder when x is divided by m?
12
Suppose -5*m = -3*l - 7*m + 1133, -5*l = 2*m - 1887. Calculate the remainder when l is divided by 20.
17
Let x = -98 + 103. Suppose x*b = 15, -3*u - 2*b + 6*b = -21. What is the remainder when 153 is divided by u?
10
Calculate the remainder when 59 is divided by 3 + (-3)/(-3)*(1 - -16).
19
Suppose -2*j - j - 24 = 0. Let c be 665/(-40) - (-3)/j. Let a = c - -37. Calculate the remainder when a is divided by 11.
9
Let h(y) = y**2 - 13*y - 14. Let o be h(14). Suppose o = 3*g - m, 4*g + m = 6*m - 11. Suppose -4*t = g - 13. What is the remainder when 6 is divided by t?
0
Suppose 7*i = -8*i + 270. Suppose i*k - 17*k - 56 = 0. Calculate the remainder when k is divided by 29.
27
Calculate the remainder when 551 is divided by 1106/16 - (-90)/(-720).
68
Suppose -5*j - 20 + 7 = 2*p, 4*p - 9 = -3*j. Calculate the remainder when (-9)/(-36) + 115/4 is divided by p.
5
Suppose 270 = 16*n - 10*n. What is the remainder when 66 is divided by n?
21
Let n = -22 - -33. Let c = -18 - -18. Suppose c = -2*k - 3*u + 31, 5*k + 4*u + 0*u = 88. What is the remainder when k is divided by n?
9
Calculate the remainder when (239 - -1) + (9 + -4 - 0) is divided by 41.
40
Let l be (((-180)/(-8))/(-9))/(1/2). What is the remainder when (-632)/l - 1/((-15)/(-6)) is divided by 32?
30
Let g be -75*(-8)/(-60)*-3. Suppose 2*x + 2*p - 20 = 0, -4*x + g = 4*p - 2*p. What is the remainder when (1 + -4)/((-9)/51) is divided by x?
2
What is the remainder when (-1785)/(-255) - (-2)/((-2)/(-31)) is divided by 26?
12
Suppose -17 = -4*r + 23. What is the remainder when 47 is divided by r?
7
What is the remainder when 90 is divided by (-10 - (1 + -8)) + 12?
0
Suppose -2*v = 3*v - 10. What is the remainder when (-155)/v*18/(-45) is divided by 17?
14
Let v = -19 - -22. Suppose -2*f + v*f = 20. Calculate the remainder when f is divided by 8.
4
Let a be 1*51 + (9 - 6). Suppose 0 = -2*u + 4*s - 92, 3*s = -5*u - 124 - a. Let v = -20 - u. What is the remainder when v is divided by 10?
8
Let i = 358 - 311. What is the remainder when 182 is divided by i?
41
Le